 = d - -57. List the prime factors of h.
3, 13
Suppose -2*h + 7 = -7. Suppose 0*v - 3*k = v + h, 4*v - k - 24 = 0. Suppose -v*g + 70 = 15. What are the prime factors of g?
11
Let l(j) = -j + 6. Let f be l(5). Let h be (-63)/35*(f + -6). Suppose -5*z + h = -6. List the prime factors of z.
3
Let z(y) = -y**3 + 3*y**2 - 3. Let h be z(3). List the prime factors of (-2 - (h - -2)) + 5.
2
Let g(a) = -3*a - 2. Let k be g(-2). Suppose k*r - 59 = 133. List the prime factors of r.
2, 3
Let z be 2/9 - 175/(-63). Suppose z*f + 2*f = 35. List the prime factors of f.
7
Suppose -4*g - 33 = 5*b, 6 = -b - 3*g - 5. What are the prime factors of b/(-5) + 30/1?
31
Let w = -279 - -417. List the prime factors of w.
2, 3, 23
Let c(i) be the first derivative of i**2/2 + 3*i - 4. What are the prime factors of c(3)?
2, 3
Let c be -3 + (2*-33)/2. Let s = 52 + c. List the prime factors of s.
2
Suppose 2*i - 4*i + 6 = 0. Suppose -4*c + i*g = -79, 4*c - 101 = 5*g - 12. What are the prime factors of c?
2
Let j = -3 - -7. Suppose 71 = 4*w - i, w - 58 = -w - j*i. What are the prime factors of w?
19
Suppose 0 = -7*b + 2*b - 3*g + 1380, 2*g = 4*b - 1104. List the prime factors of b.
2, 3, 23
Let c(u) be the third derivative of u**5/60 + 3*u**4/8 + 2*u**3/3 + 3*u**2. List the prime factors of c(-9).
2
List the prime factors of (116/6)/((-3)/27*-6).
29
Suppose 2*o = 2 + 6. What are the prime factors of o?
2
Let c be ((-27)/18)/(1/(-2)). Suppose 4*v - 5*w = 16 + 43, -2*v + 27 = -c*w. What are the prime factors of v?
3, 7
Let x(q) = -12*q + 32. List the prime factors of x(-19).
2, 5, 13
Suppose -2 = -4*l + 26. What are the prime factors of l?
7
Suppose 3*a - 4*t = 191, a + 2*a = -4*t + 223. List the prime factors of a.
3, 23
Let i = -21 + 10. Let k be 2/(-5) + 6/(-10). Let g = k - i. List the prime factors of g.
2, 5
Let t be ((-20)/(-15))/(2/9). What are the prime factors of t*2 - 3 - 2?
7
Let m(h) be the second derivative of h**3 - h**2 + h. Let n(d) = d - 1. Let w(p) = -m(p) + 5*n(p). List the prime factors of w(-6).
3
Let k(z) = 5*z**2 - 13*z - 8. Let i(x) = -6*x**2 + 14*x + 8. Let r(h) = -4*i(h) - 5*k(h). List the prime factors of r(9).
2
Suppose 0 = -p - 3*p + 124. What are the prime factors of p?
31
Suppose -a = 5*s + 3*a - 99, 0 = 5*s - a - 119. What are the prime factors of s?
23
Let b(m) = m + 4. Let d be b(-6). Let v = d - -10. List the prime factors of v.
2
Suppose 0 = -4*z - 6 + 14. Suppose 27 = -z*u + 5*u. What are the prime factors of u?
3
Let y(s) = -s**3 + 3*s**2 - s. Let f be y(2). Suppose -f*g = 3*g - 30. Let w = 12 - g. What are the prime factors of w?
2, 3
Let u(l) = -2*l - 2. Let k be u(-5). Suppose 5*b - k = 12. Suppose -b*q + 3*q = -8. List the prime factors of q.
2
Let b(l) = -1. Let x(v) = -18*v + 5. Let d(c) = -3*b(c) - x(c). List the prime factors of d(3).
2, 13
Let t = 119 + -72. List the prime factors of t.
47
Let h = 89 - 36. List the prime factors of h.
53
Let l(n) = n**3 - 5*n**2 + 3*n - 2. Suppose z - 12 = 2*r, -3*r + 6*r + 12 = 0. Suppose 2*f - 6 = -2*s, 0*f + z*f + 5*s = 10. List the prime factors of l(f).
13
Let t(f) = 17*f**3 - 2*f**2 + 2*f - 1. List the prime factors of t(1).
2
Suppose -a + 10 = -j + 63, -4*j + 191 = 3*a. What are the prime factors of j?
2, 5
Let q = -447 - -722. What are the prime factors of q?
5, 11
Suppose 5*c = -0*c - 4*p - 446, -c + 4*p - 94 = 0. Let o = -52 - c. What are the prime factors of o?
2, 19
Let s(k) = -3*k**3 - 2*k**2 + 2*k - 7. What are the prime factors of s(-3)?
2, 5
Let o(j) = 4*j - 3. Let l(t) = -5*t + 3. Let v(q) = 2*l(q) + 3*o(q). Suppose -38 + 29 = -3*a. What are the prime factors of v(a)?
3
Suppose -4*n + 9 + 12 = -5*c, -5*n + 19 = c. Let s be 2/(-1 - (c + 1)). What are the prime factors of s/(-10) + (-36)/(-20)?
2
Let h = 8 + -8. Suppose -a + 3 + 1 = h. Suppose -5*b = -i - 70, 0 = -a*b + 4*i + 36 + 4. List the prime factors of b.
3, 5
Suppose 0 = -n - 3 - 2. Let h = 7 + n. Suppose -h*i + 10 = -6. What are the prime factors of i?
2
Let z(t) = -t**3 + 6*t**2 + 13*t. Let p be z(6). Suppose 0 = -7*m + p + 69. List the prime factors of m.
3, 7
Let d = -32 + 99. List the prime factors of d.
67
Let a(n) = n**3 + 10*n**2 + 9*n - 13. What are the prime factors of a(-8)?
43
Suppose 5*l - 6 = 9. Suppose 110 = l*s + 2*s. What are the prime factors of s?
2, 11
Let u(q) = -2*q + 2. What are the prime factors of u(-1)?
2
Suppose -4*f + 475 = 143. List the prime factors of f.
83
Suppose 3*o + 5*m = -23, -4*o + m = -3*m - 12. List the prime factors of o + 8 + 0/8.
7
Let x(b) = 5*b**2 - 3*b - 1. List the prime factors of x(4).
67
Let s(a) = 7*a**2 + 3. Let c(r) = 36*r**2 + 14. Let u(w) = 6*c(w) - 28*s(w). What are the prime factors of u(-1)?
2, 5
Let b = 21 - 10. What are the prime factors of b?
11
Let o(l) = -2*l**3 - 8*l**2 + 9*l + 4. What are the prime factors of o(-6)?
2, 47
Let c = 244 + -149. What are the prime factors of c?
5, 19
Suppose 3*q = -0*q + 12. Suppose q*o + 0*o = 16. Suppose -3*x = 2*x + 2*w - 28, 26 = 5*x + o*w. What are the prime factors of x?
2, 3
Let f(t) = -t + 12. Let r be f(9). Suppose -144 = -j - r*j. What are the prime factors of j?
2, 3
Suppose 2*v - 65 - 35 = 0. List the prime factors of v.
2, 5
Let j(f) = -f**3 + 8*f**2 + 3*f + 3. Suppose 5*b + 8 = 6*b. Let m be j(b). Suppose -3*v + m = 3. List the prime factors of v.
2
Let t(y) = 0*y - y - 3 + 3*y - y. Let g be t(10). Suppose 3*f + 4*s = -0*s + 29, -f - 4*s = -g. List the prime factors of f.
11
Let i = -48 - -343. What are the prime factors of i?
5, 59
Suppose q + 0*q = 3*s - 10, 0 = q + 5*s - 30. List the prime factors of q.
5
Let g be 3 + 68/4*-1. Let x = 16 + g. What are the prime factors of x?
2
Let r(q) = q - 8. Let s be r(7). Let v(x) = 13*x**2 - x. What are the prime factors of v(s)?
2, 7
Suppose 0*p = 2*p - 5*w - 91, 0 = p + w - 42. What are the prime factors of p?
43
Suppose -10 = 4*f - 26. What are the prime factors of f?
2
Let y = 22 + 12. What are the prime factors of y?
2, 17
Suppose 5*f = h + 3, 3*f + 35 = -7*h + 3*h. Let x(v) = v**3 + 7*v**2 - 11*v - 11. List the prime factors of x(h).
13
Let z = 2 - 2. Let k = -17 - -22. Suppose z*o - 8 = o - k*n, -13 = -o - 2*n. List the prime factors of o.
7
Let d(n) = n**3 + 6*n**2 + 4*n + 3. Suppose 0 = -0*r - r - 4. Let x be d(r). Let b = x + -10. What are the prime factors of b?
3
Suppose 0 = v + 4*v - 105. What are the prime factors of v?
3, 7
Let q = 196 + 84. What are the prime factors of q?
2, 5, 7
Let q = 82 + -50. What are the prime factors of q?
2
What are the prime factors of 3/(-18) - 597/(-18)?
3, 11
Suppose -180 = o - 6*o. Suppose -o = -z - 2. What are the prime factors of z/9 + (-6)/(-27)?
2
Suppose -3*v = v - 12. Let u be ((-114)/4)/(v/(-6)). Suppose o - 3*y - 9 = 3, 0 = 4*o - 3*y - u. What are the prime factors of o?
3, 5
Suppose -4*o + 153 = 4*t - o, -4*t = -3*o - 135. What are the prime factors of t?
2, 3
Let g be -20*(1 + -2)/(-1). What are the prime factors of g/(-6)*(-9)/(-6)?
5
Suppose h + 1 = -2, -h = 4*a - 209. List the prime factors of a.
53
Let u(l) = -1 + l**2 + 8 - 3. Let g be u(0). Suppose 3*b + b - 24 = -4*y, 16 = y - g*b. List the prime factors of y.
2
Let i(r) = r**3 - r**2 + 2. Let x be i(-2). Let w be (-3)/4*-2*x. What are the prime factors of (-28)/(-3) + (-10)/w?
2, 5
List the prime factors of 2/3*3588/8.
13, 23
Let m be (-4)/4 + 4 + -1. What are the prime factors of 0*m/(-6) - -10?
2, 5
Suppose -3*x + 2*h = 11, 2*h + 8 = -2*h. List the prime factors of (-52)/(x/((-5)/(-2))).
2, 13
Let t(n) = n**2. Let w be t(-2). Suppose -a = w*x + 87, 0*x + 5*a - 49 = 2*x. Let c = -13 - x. List the prime factors of c.
3
Suppose -6*a + 243 = -249. What are the prime factors of a?
2, 41
Let t(y) = -y**3 - 6*y**2 + 8*y - 7. Suppose x + 0*x + 8 = 0. What are the prime factors of t(x)?
3, 19
Let h be (1 - (0 + 1)) + 30. Suppose -2*f - 2*f + 4*g + 48 = 0, -g = -3*f + h. List the prime factors of f.
3
Suppose 0 = c + 2*s - 2, -3*s + 2*s = -3*c + 6. Suppose -z + 1 = -c. Suppose 5*i - z = -2*o - 4, 0 = -i - 1. List the prime factors of o.
2
Let z = -17 + 21. What are the prime factors of z?
2
Suppose -4*c = 2*u - 86, -5 = -3*u + 10. List the prime factors of c.
19
Suppose 5*v = 2*v + 48. Let p = 7 - v. List the prime factors of 52/9 - 2/p.
2, 3
Suppose -3*c = -0 - 6. L